der when 463351 is divided by 512.
503
Calculate the remainder when 7888 is divided by 3900.
88
What is the remainder when 62638 is divided by 270?
268
Calculate the remainder when 783853 is divided by 16.
13
Calculate the remainder when 12236 is divided by 3049.
40
What is the remainder when 8968 is divided by 591?
103
Calculate the remainder when 2625 is divided by 96.
33
What is the remainder when 1531 is divided by 379?
15
What is the remainder when 68421 is divided by 370?
341
Calculate the remainder when 1715636 is divided by 204.
200
Calculate the remainder when 3402 is divided by 58.
38
Calculate the remainder when 16815 is divided by 8401.
13
What is the remainder when 22559 is divided by 19?
6
Calculate the remainder when 1436 is divided by 117.
32
What is the remainder when 100138 is divided by 239?
236
Calculate the remainder when 829 is divided by 393.
43
Calculate the remainder when 31982 is divided by 196.
34
Calculate the remainder when 57653 is divided by 356.
337
Calculate the remainder when 13862 is divided by 559.
446
What is the remainder when 135700 is divided by 516?
508
What is the remainder when 21896 is divided by 5456?
72
Calculate the remainder when 9521 is divided by 417.
347
Calculate the remainder when 6166 is divided by 333.
172
What is the remainder when 19297 is divided by 7?
5
Calculate the remainder when 3193 is divided by 171.
115
What is the remainder when 24829 is divided by 4941?
124
What is the remainder when 974 is divided by 250?
224
Calculate the remainder when 20513 is divided by 935.
878
Calculate the remainder when 3077 is divided by 1388.
301
Calculate the remainder when 59533 is divided by 103.
102
What is the remainder when 56082 is divided by 19?
13
Calculate the remainder when 3531 is divided by 448.
395
Calculate the remainder when 6708 is divided by 958.
2
Calculate the remainder when 12792 is divided by 60.
12
What is the remainder when 35319 is divided by 198?
75
What is the remainder when 2081 is divided by 897?
287
Calculate the remainder when 8642 is divided by 5.
2
What is the remainder when 37102 is divided by 205?
202
What is the remainder when 418301 is divided by 18?
17
What is the remainder when 1354 is divided by 56?
10
Calculate the remainder when 699864 is divided by 25.
14
What is the remainder when 5515 is divided by 16?
11
What is the remainder when 258665 is divided by 37?
35
Calculate the remainder when 421610 is divided by 140535.
5
What is the remainder when 860 is divided by 697?
163
What is the remainder when 462034 is divided by 215?
214
Calculate the remainder when 535101 is divided by 535094.
7
Calculate the remainder when 47906 is divided by 69.
20
What is the remainder when 894 is divided by 882?
12
What is the remainder when 3503 is divided by 959?
626
Calculate the remainder when 2130 is divided by 97.
93
What is the remainder when 6753134 is divided by 8?
6
What is the remainder when 41081 is divided by 10269?
5
What is the remainder when 5517 is divided by 4706?
811
Calculate the remainder when 2182 is divided by 198.
4
Calculate the remainder when 180618 is divided by 220.
218
What is the remainder when 74376 is divided by 5312?
8
What is the remainder when 3021 is divided by 684?
285
Calculate the remainder when 528603 is divided by 7.
5
What is the remainder when 100328 is divided by 7?
4
What is the remainder when 13439 is divided by 16?
15
Calculate the remainder when 310762 is divided by 1400.
1362
What is the remainder when 8186 is divided by 1181?
1100
Calculate the remainder when 341 is divided by 315.
26
Calculate the remainder when 1467 is divided by 1299.
168
Calculate the remainder when 1743 is divided by 597.
549
Calculate the remainder when 24957 is divided by 960.
957
Calculate the remainder when 18420 is divided by 207.
204
What is the remainder when 598772 is divided by 374?
372
What is the remainder when 339105 is divided by 113033?
6
Calculate the remainder when 388999 is divided by 125.
124
What is the remainder when 13013 is divided by 6446?
121
What is the remainder when 5378 is divided by 938?
688
Calculate the remainder when 931 is divided by 914.
17
Calculate the remainder when 7222 is divided by 530.
332
Calculate the remainder when 4525 is divided by 251.
7
Calculate the remainder when 2444 is divided by 149.
60
Calculate the remainder when 95552 is divided by 369.
350
Calculate the remainder when 283 is divided by 207.
76
Calculate the remainder when 23597 is divided by 342.
341
Calculate the remainder when 2477 is divided by 273.
20
Calculate the remainder when 27423 is divided by 641.
501
What is the remainder when 153869 is divided by 345?
344
Calculate the remainder when 29352 is divided by 3251.
93
Calculate the remainder when 703 is divided by 489.
214
Calculate the remainder when 16239 is divided by 1490.
1339
What is the remainder when 6252 is divided by 33?
15
Calculate the remainder when 77027 is divided by 38485.
57
Calculate the remainder when 2710 is divided by 1963.
747
Calculate the remainder when 184374 is divided by 4.
2
Calculate the remainder when 3742 is divided by 196.
18
What is the remainder when 47121 is divided by 524?
485
What is the remainder when 26658 is divided by 98?
2
What is the remainder when 285309 is divided by 554?
553
What is the remainder when 28412 is divided by 2837?
42
What is the remainder when 1790 is divided by 166?
130
What is the remainder when 201705 is divided by 234?
231
What is the remainder when 106 is divided by 91?
15
Calculate the remainder when 6291 is divided by 377.
259
Calculate the remainder when 28698 is divided by 308.
54
Calculate the remainder when 1524 is divided by 152.
4
What is the remainder when 1565 is divided by 32?
29
What is the remainder when 71759 is divided by 410?
9
What is the remainder when 8763 is divided by 70?
13
What is the remainder when 28715 is divided by 1156?
971
Calculate the remainder when 245232 is divided by 74.
70
What is the remainder when 21396 is divided by 68?
44
Calculate the remainder when 51471 is divided by 312.
303
Calculate the remainder when 2530 is divided by 7.
3
What is the remainder when 9986 is divided by 9947?
39
What is the remainder when 80027 is divided by 26672?
11
Calculate the remainder when 1311 is divided by 59.
13
Calculate the remainder when 87340 is divided by 59.
20
Calculate the remainder when 1486867 is divided by 35.
32
Calculate the remainder when 58574 is divided by 40.
14
Calculate the remainder when 567770 is divided by 29.
8
Calculate the remainder when 22111 is divided by 63.
61
Calculate the remainder when 4007 is divided by 85.
12
What is the remainder when 595564 is divided by 383?
382
What is the remainder when 17954 is divided by 3585?
29
Calculate the remainder when 15501 is divided by 38.
35
What is the remainder when 63741 is divided by 768?
765
Calculate the remainder when 6731 is divided by 2220.
71
Calculate the remainder when 832 is divided by 32.
0
What is the remainder when 458643 is divided by 458630?
13
What is the remainder when 6522 is divided by 406?
26
Calculate the remainder when 2818 is divided by 387.
109
Calculate the remainder when 6327 is divided by 390.
87
What is the remainder when 10521 is divided by 653?
73
What is the remainder when 64 is divided by 35?
29
What is the remainder when 25309 is divided by 8436?
1
Calculate the remainder when 835435 is divided by 708.
703
What is the remainder when 316707 is divided by 211?
207
What is the remainder when 11680 is divided by 1844?
616
Calculate the remainder when 60949 is divided by 1975.
1699
What is the remainder when 144052 is divided by 954?
952
What is the remainder when 206867 is divided by 152?
147
Calculate the remainder when 3206 is divided by 192.
134
What is the remainder when 17479 is divided by 5778?
145
What is the remainder when 475 is divided by 151?
22
What is the remainder when 20255 is divided by 893?
609
Calculate the remainder when 100881 is divided by 14410.
11
What is the remainder when 1165 is divided by 564?
37
What is the remainder when 88764 is divided by 292?
288
Calculate the remainder when 620 is divided by 100.
20
Calculate the remainder when 2288062 is divided by 102.
100
What is the remain